{"id":9,"date":"2023-03-28T04:29:48","date_gmt":"2023-03-28T04:29:48","guid":{"rendered":"http:\/\/rodamientos-r.com\/?page_id=9"},"modified":"2024-08-25T22:44:24","modified_gmt":"2024-08-25T22:44:24","slug":"refund_returns","status":"publish","type":"page","link":"https:\/\/rodamientos-r.com\/index.php\/refund_returns\/","title":{"rendered":"Pol\u00edtica de Devoluciones y Env\u00edos"},"content":{"rendered":"\n<p><strong>Estimado cliente lea por favor las siguientes pol\u00edticas:<\/strong><\/p>\n\n\n\n<p class=\"has-vivid-red-color has-text-color has-large-font-size\"><strong>No Devoluciones<\/strong><\/p>\n\n\n\n<p>Estimado cliente , agradecemos su visita y la consulta de nuestros productos, cualquier informaci\u00f3n relacionada con alg\u00fan producto con gusto la aclararemos antes de hacer su compra, proporcionando fichas t\u00e9cnicas, costos y env\u00edos con nuestros asesores ya que <strong>NO<\/strong> realizamos ning\u00fan tipo de <strong>Devoluci\u00f3n, Cancelaci\u00f3n o Cambio F\u00edsico<\/strong> y esta solo ser\u00e1 valida si alguno de nuestros asesores o personal comete alg\u00fan error al momento de realizar la venta o envi\u00f3.<\/p>\n\n\n\n<h2 class=\"wp-block-heading has-luminous-vivid-amber-color has-text-color\">Pol\u00edticas de Env\u00edos:<\/h2>\n\n\n\n<p class=\"has-vivid-red-color has-text-color\"><strong>*EL ENV\u00cdO SE CUBRIR\u00c1 POR CUENTA DEL CLIENTE POR LA PAQUETERIA DE SU PREFERENCIA, YA SEA OCURRE O DOMICILIO POR COBRAR.<\/strong><\/p>\n\n\n\n<p class=\"has-vivid-red-color has-text-color has-link-color wp-elements-9c5d277c01a1eadc99f99387226b2d82\"><strong>*NOTA IMPORTANTE: ES NECESARIO NOS PROPORCIONE SUS DATOS COMPLETOS (REMITENTE, DIRECCION, NOMBRE Y TELEFONO DE LA PERSONA AUTORIZADA PARA RECIBIR SU PEDIDO, TIPO DE SERVICIO OCURRE O DOMICILIO Y PAQUETERIA POR LA CUAL SE VA A ENVIAR.)<\/strong><\/p>\n\n\n\n<p class=\"has-vivid-red-color has-text-color has-link-color wp-elements-f90e91abecdee14ee47b38d94ae75664\"><strong>(SI REQUIERE FACTURA FAVOR DE ENVIARNOS SU CONSTANCIA DE SITUACI\u00d3N FISCAL ACTUALIZADA E INDICARNOS EL USO DE SU CFDI)<\/strong><\/p>\n\n\n\n<p><strong>Contacte con nosotros a los siguientes correos para mas informaci\u00f3n de devoluciones y env\u00edos:<\/strong><\/p>\n\n\n\n<p><strong>rodamientosroman@gmail.com<\/strong><\/p>\n\n\n\n<p><strong>ventas1@rodamientos-r.com<\/strong><\/p>\n\n\n\n<p><strong>ventas2@rodamientos-r.com<\/strong><\/p>\n\n\n\n<p><strong>soporte@rodamientos-r.com<\/strong><\/p>\n\n\n\n<p><\/p>\n","protected":false},"excerpt":{"rendered":"<p>Estimado cliente lea por favor las siguientes pol\u00edticas: No Devoluciones Estimado cliente , agradecemos su visita y la consulta de nuestros productos, cualquier informaci\u00f3n relacionada con alg\u00fan producto con gusto la aclararemos antes de hacer su compra, proporcionando fichas t\u00e9cnicas, costos y env\u00edos con nuestros asesores ya que NO realizamos ning\u00fan tipo de Devoluci\u00f3n, Cancelaci\u00f3n [&hellip;]<\/p>\n","protected":false},"author":1,"featured_media":0,"parent":0,"menu_order":0,"comment_status":"closed","ping_status":"closed","template":"","meta":{"om_disable_all_campaigns":false,"_uf_show_specific_survey":0,"_uf_disable_surveys":false,"footnotes":""},"class_list":["post-9","page","type-page","status-publish","hentry"],"aioseo_notices":[],"jetpack_sharing_enabled":true,"_links":{"self":[{"href":"https:\/\/rodamientos-r.com\/index.php\/wp-json\/wp\/v2\/pages\/9","targetHints":{"allow":["GET"]}}],"collection":[{"href":"https:\/\/rodamientos-r.com\/index.php\/wp-json\/wp\/v2\/pages"}],"about":[{"href":"https:\/\/rodamientos-r.com\/index.php\/wp-json\/wp\/v2\/types\/page"}],"author":[{"embeddable":true,"href":"https:\/\/rodamientos-r.com\/index.php\/wp-json\/wp\/v2\/users\/1"}],"replies":[{"embeddable":true,"href":"https:\/\/rodamientos-r.com\/index.php\/wp-json\/wp\/v2\/comments?post=9"}],"version-history":[{"count":0,"href":"https:\/\/rodamientos-r.com\/index.php\/wp-json\/wp\/v2\/pages\/9\/revisions"}],"wp:attachment":[{"href":"https:\/\/rodamientos-r.com\/index.php\/wp-json\/wp\/v2\/media?parent=9"}],"curies":[{"name":"wp","href":"https:\/\/api.w.org\/{rel}","templated":true}]}}